{"id":2,"date":"2024-01-25T02:35:01","date_gmt":"2024-01-25T02:35:01","guid":{"rendered":"https:\/\/hoanmycuulong.com\/kham-suc-khoe-tong-quat\/?page_id=2"},"modified":"2025-07-30T03:53:25","modified_gmt":"2025-07-30T03:53:25","slug":"bang-gia","status":"publish","type":"page","link":"https:\/\/hoanmycuulong.com\/kham-suc-khoe-tong-quat\/","title":{"rendered":"B\u1ea3ng gi\u00e1"},"content":{"rendered":"","protected":false},"excerpt":{"rendered":"","protected":false},"author":1,"featured_media":0,"parent":0,"menu_order":0,"comment_status":"closed","ping_status":"closed","template":"page-banggia.php","meta":{"inline_featured_image":false,"footnotes":""},"acf":[],"yoast_head":"<!-- This site is optimized with the Yoast SEO plugin v21.3 - https:\/\/yoast.com\/wordpress\/plugins\/seo\/ -->\n<title>KH\u00c1M S\u1ee8C KH\u1eceE T\u1ed4NG QU\u00c1T - B\u1ec7nh vi\u1ec7n Ho\u00e0n M\u1ef9 C\u1eedu Long<\/title>\n<meta name=\"description\" content=\"Kh\u00e1m s\u1ee9c kho\u1ebb t\u1ed5ng qu\u00e1t \u0111\u1ecbnh k\u1ef3 ng\u00e0y c\u00e0ng tr\u1edf th\u00e0nh m\u1ed1i quan t\u00e2m h\u00e0ng \u0111\u1ea7u c\u1ee7a nhi\u1ec1u ng\u01b0\u1eddi, \u0111\u1eb7c bi\u1ec7t v\u1edbi nh\u1eefng ng\u01b0\u1eddi b\u1eadn r\u1ed9n. Th\u1ea5u hi\u1ec3u tr\u0103n tr\u1edf n\u00e0y, Khoa Kh\u00e1m s\u1ee9c kh\u1ecfe B\u1ec7nh vi\u1ec7n Ho\u00e0n M\u1ef9 C\u1eedu Long \u0111\u00e3 chuy\u00ean t\u00e2m tri\u1ec3n khai \u0111a d\u1ea1ng c\u00e1c g\u00f3i kh\u00e1m, gi\u00fap kh\u00e1ch h\u00e0ng ch\u1ee7 \u0111\u1ed9ng h\u01a1n trong vi\u1ec7c ch\u0103m s\u00f3c s\u1ee9c kho\u1ebb hi\u1ec7u qu\u1ea3 v\u1edbi m\u1ee9c chi ph\u00ed h\u1ee3p l\u00fd.\" \/>\n<meta name=\"robots\" content=\"index, follow, max-snippet:-1, max-image-preview:large, max-video-preview:-1\" \/>\n<link rel=\"canonical\" href=\"https:\/\/hoanmycuulong.com\/kham-suc-khoe-tong-quat\/\" \/>\n<meta property=\"og:locale\" content=\"vi_VN\" \/>\n<meta property=\"og:type\" content=\"article\" \/>\n<meta property=\"og:title\" content=\"KH\u00c1M S\u1ee8C KH\u1eceE T\u1ed4NG QU\u00c1T - B\u1ec7nh vi\u1ec7n Ho\u00e0n M\u1ef9 C\u1eedu Long\" \/>\n<meta property=\"og:description\" content=\"Kh\u00e1m s\u1ee9c kho\u1ebb t\u1ed5ng qu\u00e1t \u0111\u1ecbnh k\u1ef3 ng\u00e0y c\u00e0ng tr\u1edf th\u00e0nh m\u1ed1i quan t\u00e2m h\u00e0ng \u0111\u1ea7u c\u1ee7a nhi\u1ec1u ng\u01b0\u1eddi, \u0111\u1eb7c bi\u1ec7t v\u1edbi nh\u1eefng ng\u01b0\u1eddi b\u1eadn r\u1ed9n. Th\u1ea5u hi\u1ec3u tr\u0103n tr\u1edf n\u00e0y, Khoa Kh\u00e1m s\u1ee9c kh\u1ecfe B\u1ec7nh vi\u1ec7n Ho\u00e0n M\u1ef9 C\u1eedu Long \u0111\u00e3 chuy\u00ean t\u00e2m tri\u1ec3n khai \u0111a d\u1ea1ng c\u00e1c g\u00f3i kh\u00e1m, gi\u00fap kh\u00e1ch h\u00e0ng ch\u1ee7 \u0111\u1ed9ng h\u01a1n trong vi\u1ec7c ch\u0103m s\u00f3c s\u1ee9c kho\u1ebb hi\u1ec7u qu\u1ea3 v\u1edbi m\u1ee9c chi ph\u00ed h\u1ee3p l\u00fd.\" \/>\n<meta property=\"og:url\" content=\"https:\/\/hoanmycuulong.com\/kham-suc-khoe-tong-quat\/\" \/>\n<meta property=\"og:site_name\" content=\"Hoan My Cuu Long\" \/>\n<meta property=\"article:modified_time\" content=\"2025-07-30T03:53:25+00:00\" \/>\n<meta property=\"og:image\" content=\"https:\/\/hoanmycuulong.com\/kham-suc-khoe-tong-quat\/wp-content\/uploads\/sites\/4\/2024\/01\/vi-sao-chon-chung-toi.jpg\" \/>\n\t<meta property=\"og:image:width\" content=\"1500\" \/>\n\t<meta property=\"og:image:height\" content=\"1000\" \/>\n\t<meta property=\"og:image:type\" content=\"image\/jpeg\" \/>\n<meta name=\"twitter:card\" content=\"summary_large_image\" \/>\n<meta name=\"twitter:title\" content=\"KH\u00c1M S\u1ee8C KH\u1eceE T\u1ed4NG QU\u00c1T - B\u1ec7nh vi\u1ec7n Ho\u00e0n M\u1ef9 C\u1eedu Long\" \/>\n<meta name=\"twitter:description\" content=\"Kh\u00e1m s\u1ee9c kho\u1ebb t\u1ed5ng qu\u00e1t \u0111\u1ecbnh k\u1ef3 ng\u00e0y c\u00e0ng tr\u1edf th\u00e0nh m\u1ed1i quan t\u00e2m h\u00e0ng \u0111\u1ea7u c\u1ee7a nhi\u1ec1u ng\u01b0\u1eddi, \u0111\u1eb7c bi\u1ec7t v\u1edbi nh\u1eefng ng\u01b0\u1eddi b\u1eadn r\u1ed9n. Th\u1ea5u hi\u1ec3u tr\u0103n tr\u1edf n\u00e0y, Khoa Kh\u00e1m s\u1ee9c kh\u1ecfe B\u1ec7nh vi\u1ec7n Ho\u00e0n M\u1ef9 C\u1eedu Long \u0111\u00e3 chuy\u00ean t\u00e2m tri\u1ec3n khai \u0111a d\u1ea1ng c\u00e1c g\u00f3i kh\u00e1m, gi\u00fap kh\u00e1ch h\u00e0ng ch\u1ee7 \u0111\u1ed9ng h\u01a1n trong vi\u1ec7c ch\u0103m s\u00f3c s\u1ee9c kho\u1ebb hi\u1ec7u qu\u1ea3 v\u1edbi m\u1ee9c chi ph\u00ed h\u1ee3p l\u00fd.\" \/>\n<script type=\"application\/ld+json\" class=\"yoast-schema-graph\">{\"@context\":\"https:\/\/schema.org\",\"@graph\":[{\"@type\":\"WebPage\",\"@id\":\"https:\/\/hoanmycuulong.com\/kham-suc-khoe-tong-quat\/\",\"url\":\"https:\/\/hoanmycuulong.com\/kham-suc-khoe-tong-quat\/\",\"name\":\"KH\u00c1M S\u1ee8C KH\u1eceE T\u1ed4NG QU\u00c1T - B\u1ec7nh vi\u1ec7n Ho\u00e0n M\u1ef9 C\u1eedu Long\",\"isPartOf\":{\"@id\":\"https:\/\/hoanmycuulong.com\/kham-suc-khoe-tong-quat\/#website\"},\"datePublished\":\"2024-01-25T02:35:01+00:00\",\"dateModified\":\"2025-07-30T03:53:25+00:00\",\"description\":\"Kh\u00e1m s\u1ee9c kho\u1ebb t\u1ed5ng qu\u00e1t \u0111\u1ecbnh k\u1ef3 ng\u00e0y c\u00e0ng tr\u1edf th\u00e0nh m\u1ed1i quan t\u00e2m h\u00e0ng \u0111\u1ea7u c\u1ee7a nhi\u1ec1u ng\u01b0\u1eddi, \u0111\u1eb7c bi\u1ec7t v\u1edbi nh\u1eefng ng\u01b0\u1eddi b\u1eadn r\u1ed9n. Th\u1ea5u hi\u1ec3u tr\u0103n tr\u1edf n\u00e0y, Khoa Kh\u00e1m s\u1ee9c kh\u1ecfe B\u1ec7nh vi\u1ec7n Ho\u00e0n M\u1ef9 C\u1eedu Long \u0111\u00e3 chuy\u00ean t\u00e2m tri\u1ec3n khai \u0111a d\u1ea1ng c\u00e1c g\u00f3i kh\u00e1m, gi\u00fap kh\u00e1ch h\u00e0ng ch\u1ee7 \u0111\u1ed9ng h\u01a1n trong vi\u1ec7c ch\u0103m s\u00f3c s\u1ee9c kho\u1ebb hi\u1ec7u qu\u1ea3 v\u1edbi m\u1ee9c chi ph\u00ed h\u1ee3p l\u00fd.\",\"breadcrumb\":{\"@id\":\"https:\/\/hoanmycuulong.com\/kham-suc-khoe-tong-quat\/#breadcrumb\"},\"inLanguage\":\"vi\",\"potentialAction\":[{\"@type\":\"ReadAction\",\"target\":[\"https:\/\/hoanmycuulong.com\/kham-suc-khoe-tong-quat\/\"]}]},{\"@type\":\"BreadcrumbList\",\"@id\":\"https:\/\/hoanmycuulong.com\/kham-suc-khoe-tong-quat\/#breadcrumb\",\"itemListElement\":[{\"@type\":\"ListItem\",\"position\":1,\"name\":\"Trang ch\u1ee7\",\"item\":\"https:\/\/hoanmycuulong.com\/kham-suc-khoe-tong-quat\/\"},{\"@type\":\"ListItem\",\"position\":2,\"name\":\"B\u1ea3ng gi\u00e1\"}]},{\"@type\":\"WebSite\",\"@id\":\"https:\/\/hoanmycuulong.com\/kham-suc-khoe-tong-quat\/#website\",\"url\":\"https:\/\/hoanmycuulong.com\/kham-suc-khoe-tong-quat\/\",\"name\":\"Hoan My Cuu Long\",\"description\":\"\",\"potentialAction\":[{\"@type\":\"SearchAction\",\"target\":{\"@type\":\"EntryPoint\",\"urlTemplate\":\"https:\/\/hoanmycuulong.com\/kham-suc-khoe-tong-quat\/?s={search_term_string}\"},\"query-input\":\"required name=search_term_string\"}],\"inLanguage\":\"vi\"}]}<\/script>\n<!-- \/ Yoast SEO plugin. -->","yoast_head_json":{"title":"KH\u00c1M S\u1ee8C KH\u1eceE T\u1ed4NG QU\u00c1T - B\u1ec7nh vi\u1ec7n Ho\u00e0n M\u1ef9 C\u1eedu Long","description":"Kh\u00e1m s\u1ee9c kho\u1ebb t\u1ed5ng qu\u00e1t \u0111\u1ecbnh k\u1ef3 ng\u00e0y c\u00e0ng tr\u1edf th\u00e0nh m\u1ed1i quan t\u00e2m h\u00e0ng \u0111\u1ea7u c\u1ee7a nhi\u1ec1u ng\u01b0\u1eddi, \u0111\u1eb7c bi\u1ec7t v\u1edbi nh\u1eefng ng\u01b0\u1eddi b\u1eadn r\u1ed9n. Th\u1ea5u hi\u1ec3u tr\u0103n tr\u1edf n\u00e0y, Khoa Kh\u00e1m s\u1ee9c kh\u1ecfe B\u1ec7nh vi\u1ec7n Ho\u00e0n M\u1ef9 C\u1eedu Long \u0111\u00e3 chuy\u00ean t\u00e2m tri\u1ec3n khai \u0111a d\u1ea1ng c\u00e1c g\u00f3i kh\u00e1m, gi\u00fap kh\u00e1ch h\u00e0ng ch\u1ee7 \u0111\u1ed9ng h\u01a1n trong vi\u1ec7c ch\u0103m s\u00f3c s\u1ee9c kho\u1ebb hi\u1ec7u qu\u1ea3 v\u1edbi m\u1ee9c chi ph\u00ed h\u1ee3p l\u00fd.","robots":{"index":"index","follow":"follow","max-snippet":"max-snippet:-1","max-image-preview":"max-image-preview:large","max-video-preview":"max-video-preview:-1"},"canonical":"https:\/\/hoanmycuulong.com\/kham-suc-khoe-tong-quat\/","og_locale":"vi_VN","og_type":"article","og_title":"KH\u00c1M S\u1ee8C KH\u1eceE T\u1ed4NG QU\u00c1T - B\u1ec7nh vi\u1ec7n Ho\u00e0n M\u1ef9 C\u1eedu Long","og_description":"Kh\u00e1m s\u1ee9c kho\u1ebb t\u1ed5ng qu\u00e1t \u0111\u1ecbnh k\u1ef3 ng\u00e0y c\u00e0ng tr\u1edf th\u00e0nh m\u1ed1i quan t\u00e2m h\u00e0ng \u0111\u1ea7u c\u1ee7a nhi\u1ec1u ng\u01b0\u1eddi, \u0111\u1eb7c bi\u1ec7t v\u1edbi nh\u1eefng ng\u01b0\u1eddi b\u1eadn r\u1ed9n. Th\u1ea5u hi\u1ec3u tr\u0103n tr\u1edf n\u00e0y, Khoa Kh\u00e1m s\u1ee9c kh\u1ecfe B\u1ec7nh vi\u1ec7n Ho\u00e0n M\u1ef9 C\u1eedu Long \u0111\u00e3 chuy\u00ean t\u00e2m tri\u1ec3n khai \u0111a d\u1ea1ng c\u00e1c g\u00f3i kh\u00e1m, gi\u00fap kh\u00e1ch h\u00e0ng ch\u1ee7 \u0111\u1ed9ng h\u01a1n trong vi\u1ec7c ch\u0103m s\u00f3c s\u1ee9c kho\u1ebb hi\u1ec7u qu\u1ea3 v\u1edbi m\u1ee9c chi ph\u00ed h\u1ee3p l\u00fd.","og_url":"https:\/\/hoanmycuulong.com\/kham-suc-khoe-tong-quat\/","og_site_name":"Hoan My Cuu Long","article_modified_time":"2025-07-30T03:53:25+00:00","og_image":[{"width":1500,"height":1000,"url":"https:\/\/hoanmycuulong.com\/kham-suc-khoe-tong-quat\/wp-content\/uploads\/sites\/4\/2024\/01\/vi-sao-chon-chung-toi.jpg","type":"image\/jpeg"}],"twitter_card":"summary_large_image","twitter_title":"KH\u00c1M S\u1ee8C KH\u1eceE T\u1ed4NG QU\u00c1T - B\u1ec7nh vi\u1ec7n Ho\u00e0n M\u1ef9 C\u1eedu Long","twitter_description":"Kh\u00e1m s\u1ee9c kho\u1ebb t\u1ed5ng qu\u00e1t \u0111\u1ecbnh k\u1ef3 ng\u00e0y c\u00e0ng tr\u1edf th\u00e0nh m\u1ed1i quan t\u00e2m h\u00e0ng \u0111\u1ea7u c\u1ee7a nhi\u1ec1u ng\u01b0\u1eddi, \u0111\u1eb7c bi\u1ec7t v\u1edbi nh\u1eefng ng\u01b0\u1eddi b\u1eadn r\u1ed9n. Th\u1ea5u hi\u1ec3u tr\u0103n tr\u1edf n\u00e0y, Khoa Kh\u00e1m s\u1ee9c kh\u1ecfe B\u1ec7nh vi\u1ec7n Ho\u00e0n M\u1ef9 C\u1eedu Long \u0111\u00e3 chuy\u00ean t\u00e2m tri\u1ec3n khai \u0111a d\u1ea1ng c\u00e1c g\u00f3i kh\u00e1m, gi\u00fap kh\u00e1ch h\u00e0ng ch\u1ee7 \u0111\u1ed9ng h\u01a1n trong vi\u1ec7c ch\u0103m s\u00f3c s\u1ee9c kho\u1ebb hi\u1ec7u qu\u1ea3 v\u1edbi m\u1ee9c chi ph\u00ed h\u1ee3p l\u00fd.","schema":{"@context":"https:\/\/schema.org","@graph":[{"@type":"WebPage","@id":"https:\/\/hoanmycuulong.com\/kham-suc-khoe-tong-quat\/","url":"https:\/\/hoanmycuulong.com\/kham-suc-khoe-tong-quat\/","name":"KH\u00c1M S\u1ee8C KH\u1eceE T\u1ed4NG QU\u00c1T - B\u1ec7nh vi\u1ec7n Ho\u00e0n M\u1ef9 C\u1eedu Long","isPartOf":{"@id":"https:\/\/hoanmycuulong.com\/kham-suc-khoe-tong-quat\/#website"},"datePublished":"2024-01-25T02:35:01+00:00","dateModified":"2025-07-30T03:53:25+00:00","description":"Kh\u00e1m s\u1ee9c kho\u1ebb t\u1ed5ng qu\u00e1t \u0111\u1ecbnh k\u1ef3 ng\u00e0y c\u00e0ng tr\u1edf th\u00e0nh m\u1ed1i quan t\u00e2m h\u00e0ng \u0111\u1ea7u c\u1ee7a nhi\u1ec1u ng\u01b0\u1eddi, \u0111\u1eb7c bi\u1ec7t v\u1edbi nh\u1eefng ng\u01b0\u1eddi b\u1eadn r\u1ed9n. Th\u1ea5u hi\u1ec3u tr\u0103n tr\u1edf n\u00e0y, Khoa Kh\u00e1m s\u1ee9c kh\u1ecfe B\u1ec7nh vi\u1ec7n Ho\u00e0n M\u1ef9 C\u1eedu Long \u0111\u00e3 chuy\u00ean t\u00e2m tri\u1ec3n khai \u0111a d\u1ea1ng c\u00e1c g\u00f3i kh\u00e1m, gi\u00fap kh\u00e1ch h\u00e0ng ch\u1ee7 \u0111\u1ed9ng h\u01a1n trong vi\u1ec7c ch\u0103m s\u00f3c s\u1ee9c kho\u1ebb hi\u1ec7u qu\u1ea3 v\u1edbi m\u1ee9c chi ph\u00ed h\u1ee3p l\u00fd.","breadcrumb":{"@id":"https:\/\/hoanmycuulong.com\/kham-suc-khoe-tong-quat\/#breadcrumb"},"inLanguage":"vi","potentialAction":[{"@type":"ReadAction","target":["https:\/\/hoanmycuulong.com\/kham-suc-khoe-tong-quat\/"]}]},{"@type":"BreadcrumbList","@id":"https:\/\/hoanmycuulong.com\/kham-suc-khoe-tong-quat\/#breadcrumb","itemListElement":[{"@type":"ListItem","position":1,"name":"Trang ch\u1ee7","item":"https:\/\/hoanmycuulong.com\/kham-suc-khoe-tong-quat\/"},{"@type":"ListItem","position":2,"name":"B\u1ea3ng gi\u00e1"}]},{"@type":"WebSite","@id":"https:\/\/hoanmycuulong.com\/kham-suc-khoe-tong-quat\/#website","url":"https:\/\/hoanmycuulong.com\/kham-suc-khoe-tong-quat\/","name":"Hoan My Cuu Long","description":"","potentialAction":[{"@type":"SearchAction","target":{"@type":"EntryPoint","urlTemplate":"https:\/\/hoanmycuulong.com\/kham-suc-khoe-tong-quat\/?s={search_term_string}"},"query-input":"required name=search_term_string"}],"inLanguage":"vi"}]}},"lang":"vi","translations":{"vi":2},"pll_sync_post":[],"_links":{"self":[{"href":"https:\/\/hoanmycuulong.com\/kham-suc-khoe-tong-quat\/wp-json\/wp\/v2\/pages\/2"}],"collection":[{"href":"https:\/\/hoanmycuulong.com\/kham-suc-khoe-tong-quat\/wp-json\/wp\/v2\/pages"}],"about":[{"href":"https:\/\/hoanmycuulong.com\/kham-suc-khoe-tong-quat\/wp-json\/wp\/v2\/types\/page"}],"author":[{"embeddable":true,"href":"https:\/\/hoanmycuulong.com\/kham-suc-khoe-tong-quat\/wp-json\/wp\/v2\/users\/1"}],"replies":[{"embeddable":true,"href":"https:\/\/hoanmycuulong.com\/kham-suc-khoe-tong-quat\/wp-json\/wp\/v2\/comments?post=2"}],"version-history":[{"count":20,"href":"https:\/\/hoanmycuulong.com\/kham-suc-khoe-tong-quat\/wp-json\/wp\/v2\/pages\/2\/revisions"}],"predecessor-version":[{"id":233,"href":"https:\/\/hoanmycuulong.com\/kham-suc-khoe-tong-quat\/wp-json\/wp\/v2\/pages\/2\/revisions\/233"}],"wp:attachment":[{"href":"https:\/\/hoanmycuulong.com\/kham-suc-khoe-tong-quat\/wp-json\/wp\/v2\/media?parent=2"}],"curies":[{"name":"wp","href":"https:\/\/api.w.org\/{rel}","templated":true}]}}